{"id":9389,"date":"2022-02-21T12:31:50","date_gmt":"2022-02-21T12:31:50","guid":{"rendered":"https:\/\/development.inhoorn.nl\/?page_id=9389"},"modified":"2022-07-14T15:25:40","modified_gmt":"2022-07-14T13:25:40","slug":"fahrad-verleih","status":"publish","type":"page","link":"https:\/\/www.inhoorn.nl\/de\/sehen-tun\/wandern-radfahren\/fahrad-verleih\/","title":{"rendered":"Fahrad verleih"},"content":{"rendered":"\n<h2 class=\"wp-block-heading\" id=\"h-schone-tour\">Sch\u00f6ne Tour<\/h2>\n\n\n\n<p id=\"tw-target-text\">Wenn Sie Hoorn und Umgebung mit dem Fahrrad entdecken m\u00f6chten, aber kein eigenes Fahrrad haben, gibt es in Hoorn mehrere Punkte, an denen Sie ein Fahrrad oder E-Bike mieten k\u00f6nnen. Es ist auch m\u00f6glich, in einigen Hotels ein Fahrrad zu mieten. Klicken Sie auf die Fotos unten, um weitere Informationen zu den verschiedenen Anbietern von Mietfahrr\u00e4dern zu erhalten.<\/p>\n","protected":false},"excerpt":{"rendered":"<p>Sch\u00f6ne Tour Wenn Sie Hoorn und Umgebung mit dem Fahrrad entdecken m\u00f6chten, aber kein eigenes Fahrrad haben, gibt es in Hoorn mehrere Punkte, an denen Sie ein Fahrrad oder E-Bike mieten k\u00f6nnen. Es ist auch m\u00f6glich, in einigen Hotels ein Fahrrad zu mieten. Klicken Sie auf die Fotos unten, um weitere Informationen zu den verschiedenen [&hellip;]<\/p>\n","protected":false},"author":2,"featured_media":0,"parent":9391,"menu_order":0,"comment_status":"closed","ping_status":"closed","template":"templates\/page-bedrijvengids.php","meta":{"footnotes":""},"class_list":["post-9389","page","type-page","status-publish","hentry"],"yoast_head":"<!-- This site is optimized with the Yoast SEO plugin v27.4 - https:\/\/yoast.com\/product\/yoast-seo-wordpress\/ -->\n<title>Fahrad verleih - In Hoorn<\/title>\n<meta name=\"robots\" content=\"index, follow, max-snippet:-1, max-image-preview:large, max-video-preview:-1\" \/>\n<link rel=\"canonical\" href=\"https:\/\/www.inhoorn.nl\/de\/sehen-tun\/wandern-radfahren\/fahrad-verleih\/\" \/>\n<meta property=\"og:locale\" content=\"de_DE\" \/>\n<meta property=\"og:type\" content=\"article\" \/>\n<meta property=\"og:title\" content=\"Fahrad verleih - In Hoorn\" \/>\n<meta property=\"og:description\" content=\"Sch\u00f6ne Tour Wenn Sie Hoorn und Umgebung mit dem Fahrrad entdecken m\u00f6chten, aber kein eigenes Fahrrad haben, gibt es in Hoorn mehrere Punkte, an denen Sie ein Fahrrad oder E-Bike mieten k\u00f6nnen. Es ist auch m\u00f6glich, in einigen Hotels ein Fahrrad zu mieten. Klicken Sie auf die Fotos unten, um weitere Informationen zu den verschiedenen [&hellip;]\" \/>\n<meta property=\"og:url\" content=\"https:\/\/www.inhoorn.nl\/de\/sehen-tun\/wandern-radfahren\/fahrad-verleih\/\" \/>\n<meta property=\"og:site_name\" content=\"In Hoorn\" \/>\n<meta property=\"article:publisher\" content=\"https:\/\/www.facebook.com\/inhoorn.nl\" \/>\n<meta property=\"article:modified_time\" content=\"2022-07-14T13:25:40+00:00\" \/>\n<meta property=\"og:image\" content=\"https:\/\/www.inhoorn.nl\/wp-content\/uploads\/2022\/06\/logo_shadow.png\" \/>\n\t<meta property=\"og:image:width\" content=\"600\" \/>\n\t<meta property=\"og:image:height\" content=\"275\" \/>\n\t<meta property=\"og:image:type\" content=\"image\/png\" \/>\n<meta name=\"twitter:card\" content=\"summary_large_image\" \/>\n<meta name=\"twitter:label1\" content=\"Gesch\u00e4tzte Lesezeit\" \/>\n\t<meta name=\"twitter:data1\" content=\"1\u00a0Minute\" \/>\n<script type=\"application\/ld+json\" class=\"yoast-schema-graph\">{\"@context\":\"https:\\\/\\\/schema.org\",\"@graph\":[{\"@type\":\"WebPage\",\"@id\":\"https:\\\/\\\/www.inhoorn.nl\\\/de\\\/sehen-tun\\\/wandern-radfahren\\\/fahrad-verleih\\\/\",\"url\":\"https:\\\/\\\/www.inhoorn.nl\\\/de\\\/sehen-tun\\\/wandern-radfahren\\\/fahrad-verleih\\\/\",\"name\":\"Fahrad verleih - In Hoorn\",\"isPartOf\":{\"@id\":\"https:\\\/\\\/www.inhoorn.nl\\\/de\\\/#website\"},\"datePublished\":\"2022-02-21T12:31:50+00:00\",\"dateModified\":\"2022-07-14T13:25:40+00:00\",\"breadcrumb\":{\"@id\":\"https:\\\/\\\/www.inhoorn.nl\\\/de\\\/sehen-tun\\\/wandern-radfahren\\\/fahrad-verleih\\\/#breadcrumb\"},\"inLanguage\":\"de\",\"potentialAction\":[{\"@type\":\"ReadAction\",\"target\":[\"https:\\\/\\\/www.inhoorn.nl\\\/de\\\/sehen-tun\\\/wandern-radfahren\\\/fahrad-verleih\\\/\"]}]},{\"@type\":\"BreadcrumbList\",\"@id\":\"https:\\\/\\\/www.inhoorn.nl\\\/de\\\/sehen-tun\\\/wandern-radfahren\\\/fahrad-verleih\\\/#breadcrumb\",\"itemListElement\":[{\"@type\":\"ListItem\",\"position\":1,\"name\":\"Home\",\"item\":\"https:\\\/\\\/www.inhoorn.nl\\\/de\\\/\"},{\"@type\":\"ListItem\",\"position\":2,\"name\":\"Sehen &#038; tun\",\"item\":\"https:\\\/\\\/www.inhoorn.nl\\\/de\\\/zien-doen\\\/\"},{\"@type\":\"ListItem\",\"position\":3,\"name\":\"Wandern &#038; Radfahren\",\"item\":\"https:\\\/\\\/www.inhoorn.nl\\\/de\\\/zien-doen\\\/wandelen-fietsen\\\/\"},{\"@type\":\"ListItem\",\"position\":4,\"name\":\"Fahrad verleih\"}]},{\"@type\":\"WebSite\",\"@id\":\"https:\\\/\\\/www.inhoorn.nl\\\/de\\\/#website\",\"url\":\"https:\\\/\\\/www.inhoorn.nl\\\/de\\\/\",\"name\":\"In Hoorn\",\"description\":\"D\u00e9 gids voor Hoorn\",\"publisher\":{\"@id\":\"https:\\\/\\\/www.inhoorn.nl\\\/de\\\/#organization\"},\"potentialAction\":[{\"@type\":\"SearchAction\",\"target\":{\"@type\":\"EntryPoint\",\"urlTemplate\":\"https:\\\/\\\/www.inhoorn.nl\\\/de\\\/?s={search_term_string}\"},\"query-input\":{\"@type\":\"PropertyValueSpecification\",\"valueRequired\":true,\"valueName\":\"search_term_string\"}}],\"inLanguage\":\"de\"},{\"@type\":\"Organization\",\"@id\":\"https:\\\/\\\/www.inhoorn.nl\\\/de\\\/#organization\",\"name\":\"InHoorn\",\"url\":\"https:\\\/\\\/www.inhoorn.nl\\\/de\\\/\",\"logo\":{\"@type\":\"ImageObject\",\"inLanguage\":\"de\",\"@id\":\"https:\\\/\\\/www.inhoorn.nl\\\/de\\\/#\\\/schema\\\/logo\\\/image\\\/\",\"url\":\"https:\\\/\\\/www.inhoorn.nl\\\/wp-content\\\/uploads\\\/2022\\\/06\\\/logo_shadow.png\",\"contentUrl\":\"https:\\\/\\\/www.inhoorn.nl\\\/wp-content\\\/uploads\\\/2022\\\/06\\\/logo_shadow.png\",\"width\":600,\"height\":275,\"caption\":\"InHoorn\"},\"image\":{\"@id\":\"https:\\\/\\\/www.inhoorn.nl\\\/de\\\/#\\\/schema\\\/logo\\\/image\\\/\"},\"sameAs\":[\"https:\\\/\\\/www.facebook.com\\\/inhoorn.nl\"]}]}<\/script>\n<!-- \/ Yoast SEO plugin. -->","yoast_head_json":{"title":"Fahrad verleih - In Hoorn","robots":{"index":"index","follow":"follow","max-snippet":"max-snippet:-1","max-image-preview":"max-image-preview:large","max-video-preview":"max-video-preview:-1"},"canonical":"https:\/\/www.inhoorn.nl\/de\/sehen-tun\/wandern-radfahren\/fahrad-verleih\/","og_locale":"de_DE","og_type":"article","og_title":"Fahrad verleih - In Hoorn","og_description":"Sch\u00f6ne Tour Wenn Sie Hoorn und Umgebung mit dem Fahrrad entdecken m\u00f6chten, aber kein eigenes Fahrrad haben, gibt es in Hoorn mehrere Punkte, an denen Sie ein Fahrrad oder E-Bike mieten k\u00f6nnen. Es ist auch m\u00f6glich, in einigen Hotels ein Fahrrad zu mieten. Klicken Sie auf die Fotos unten, um weitere Informationen zu den verschiedenen [&hellip;]","og_url":"https:\/\/www.inhoorn.nl\/de\/sehen-tun\/wandern-radfahren\/fahrad-verleih\/","og_site_name":"In Hoorn","article_publisher":"https:\/\/www.facebook.com\/inhoorn.nl","article_modified_time":"2022-07-14T13:25:40+00:00","og_image":[{"width":600,"height":275,"url":"https:\/\/www.inhoorn.nl\/wp-content\/uploads\/2022\/06\/logo_shadow.png","type":"image\/png"}],"twitter_card":"summary_large_image","twitter_misc":{"Gesch\u00e4tzte Lesezeit":"1\u00a0Minute"},"schema":{"@context":"https:\/\/schema.org","@graph":[{"@type":"WebPage","@id":"https:\/\/www.inhoorn.nl\/de\/sehen-tun\/wandern-radfahren\/fahrad-verleih\/","url":"https:\/\/www.inhoorn.nl\/de\/sehen-tun\/wandern-radfahren\/fahrad-verleih\/","name":"Fahrad verleih - In Hoorn","isPartOf":{"@id":"https:\/\/www.inhoorn.nl\/de\/#website"},"datePublished":"2022-02-21T12:31:50+00:00","dateModified":"2022-07-14T13:25:40+00:00","breadcrumb":{"@id":"https:\/\/www.inhoorn.nl\/de\/sehen-tun\/wandern-radfahren\/fahrad-verleih\/#breadcrumb"},"inLanguage":"de","potentialAction":[{"@type":"ReadAction","target":["https:\/\/www.inhoorn.nl\/de\/sehen-tun\/wandern-radfahren\/fahrad-verleih\/"]}]},{"@type":"BreadcrumbList","@id":"https:\/\/www.inhoorn.nl\/de\/sehen-tun\/wandern-radfahren\/fahrad-verleih\/#breadcrumb","itemListElement":[{"@type":"ListItem","position":1,"name":"Home","item":"https:\/\/www.inhoorn.nl\/de\/"},{"@type":"ListItem","position":2,"name":"Sehen &#038; tun","item":"https:\/\/www.inhoorn.nl\/de\/zien-doen\/"},{"@type":"ListItem","position":3,"name":"Wandern &#038; Radfahren","item":"https:\/\/www.inhoorn.nl\/de\/zien-doen\/wandelen-fietsen\/"},{"@type":"ListItem","position":4,"name":"Fahrad verleih"}]},{"@type":"WebSite","@id":"https:\/\/www.inhoorn.nl\/de\/#website","url":"https:\/\/www.inhoorn.nl\/de\/","name":"In Hoorn","description":"D\u00e9 gids voor Hoorn","publisher":{"@id":"https:\/\/www.inhoorn.nl\/de\/#organization"},"potentialAction":[{"@type":"SearchAction","target":{"@type":"EntryPoint","urlTemplate":"https:\/\/www.inhoorn.nl\/de\/?s={search_term_string}"},"query-input":{"@type":"PropertyValueSpecification","valueRequired":true,"valueName":"search_term_string"}}],"inLanguage":"de"},{"@type":"Organization","@id":"https:\/\/www.inhoorn.nl\/de\/#organization","name":"InHoorn","url":"https:\/\/www.inhoorn.nl\/de\/","logo":{"@type":"ImageObject","inLanguage":"de","@id":"https:\/\/www.inhoorn.nl\/de\/#\/schema\/logo\/image\/","url":"https:\/\/www.inhoorn.nl\/wp-content\/uploads\/2022\/06\/logo_shadow.png","contentUrl":"https:\/\/www.inhoorn.nl\/wp-content\/uploads\/2022\/06\/logo_shadow.png","width":600,"height":275,"caption":"InHoorn"},"image":{"@id":"https:\/\/www.inhoorn.nl\/de\/#\/schema\/logo\/image\/"},"sameAs":["https:\/\/www.facebook.com\/inhoorn.nl"]}]}},"_links":{"self":[{"href":"https:\/\/www.inhoorn.nl\/de\/wp-json\/wp\/v2\/pages\/9389","targetHints":{"allow":["GET"]}}],"collection":[{"href":"https:\/\/www.inhoorn.nl\/de\/wp-json\/wp\/v2\/pages"}],"about":[{"href":"https:\/\/www.inhoorn.nl\/de\/wp-json\/wp\/v2\/types\/page"}],"author":[{"embeddable":true,"href":"https:\/\/www.inhoorn.nl\/de\/wp-json\/wp\/v2\/users\/2"}],"replies":[{"embeddable":true,"href":"https:\/\/www.inhoorn.nl\/de\/wp-json\/wp\/v2\/comments?post=9389"}],"version-history":[{"count":3,"href":"https:\/\/www.inhoorn.nl\/de\/wp-json\/wp\/v2\/pages\/9389\/revisions"}],"predecessor-version":[{"id":13589,"href":"https:\/\/www.inhoorn.nl\/de\/wp-json\/wp\/v2\/pages\/9389\/revisions\/13589"}],"up":[{"embeddable":true,"href":"https:\/\/www.inhoorn.nl\/de\/wp-json\/wp\/v2\/pages\/9391"}],"wp:attachment":[{"href":"https:\/\/www.inhoorn.nl\/de\/wp-json\/wp\/v2\/media?parent=9389"}],"curies":[{"name":"wp","href":"https:\/\/api.w.org\/{rel}","templated":true}]}}

<h2 class="wp-block-heading" id="h-schone-tour">Schöne Tour</h2>



<p id="tw-target-text">Wenn Sie Hoorn und Umgebung mit dem Fahrrad entdecken möchten, aber kein eigenes Fahrrad haben, gibt es in Hoorn mehrere Punkte, an denen Sie ein Fahrrad oder E-Bike mieten können. Es ist auch möglich, in einigen Hotels ein Fahrrad zu mieten. Klicken Sie auf die Fotos unten, um weitere Informationen zu den verschiedenen Anbietern von Mietfahrrädern zu erhalten.</p>

<p>Schöne Tour Wenn Sie Hoorn und Umgebung mit dem Fahrrad entdecken möchten, aber kein eigenes Fahrrad haben, gibt es in Hoorn mehrere Punkte, an denen Sie ein Fahrrad oder E-Bike mieten können. Es ist auch möglich, in einigen Hotels ein Fahrrad zu mieten. Klicken Sie auf die Fotos unten, um weitere Informationen zu den verschiedenen [&hellip;]</p>

<!-- This site is optimized with the Yoast SEO plugin v27.4 - https://yoast.com/product/yoast-seo-wordpress/ -->
<title>Fahrad verleih - In Hoorn</title>
<meta name="robots" content="index, follow, max-snippet:-1, max-image-preview:large, max-video-preview:-1" />
<link rel="canonical" href="https://www.inhoorn.nl/de/sehen-tun/wandern-radfahren/fahrad-verleih/" />
<meta property="og:locale" content="de_DE" />
<meta property="og:type" content="article" />
<meta property="og:title" content="Fahrad verleih - In Hoorn" />
<meta property="og:description" content="Schöne Tour Wenn Sie Hoorn und Umgebung mit dem Fahrrad entdecken möchten, aber kein eigenes Fahrrad haben, gibt es in Hoorn mehrere Punkte, an denen Sie ein Fahrrad oder E-Bike mieten können. Es ist auch möglich, in einigen Hotels ein Fahrrad zu mieten. Klicken Sie auf die Fotos unten, um weitere Informationen zu den verschiedenen [&hellip;]" />
<meta property="og:url" content="https://www.inhoorn.nl/de/sehen-tun/wandern-radfahren/fahrad-verleih/" />
<meta property="og:site_name" content="In Hoorn" />
<meta property="article:publisher" content="https://www.facebook.com/inhoorn.nl" />
<meta property="article:modified_time" content="2022-07-14T13:25:40+00:00" />
<meta property="og:image" content="https://www.inhoorn.nl/wp-content/uploads/2022/06/logo_shadow.png" />
	<meta property="og:image:width" content="600" />
	<meta property="og:image:height" content="275" />
	<meta property="og:image:type" content="image/png" />
<meta name="twitter:card" content="summary_large_image" />
<meta name="twitter:label1" content="Geschätzte Lesezeit" />
	<meta name="twitter:data1" content="1 Minute" />
<script type="application/ld+json" class="yoast-schema-graph">{"@context":"https:\/\/schema.org","@graph":[{"@type":"WebPage","@id":"https:\/\/www.inhoorn.nl\/de\/sehen-tun\/wandern-radfahren\/fahrad-verleih\/","url":"https:\/\/www.inhoorn.nl\/de\/sehen-tun\/wandern-radfahren\/fahrad-verleih\/","name":"Fahrad verleih - In Hoorn","isPartOf":{"@id":"https:\/\/www.inhoorn.nl\/de\/#website"},"datePublished":"2022-02-21T12:31:50+00:00","dateModified":"2022-07-14T13:25:40+00:00","breadcrumb":{"@id":"https:\/\/www.inhoorn.nl\/de\/sehen-tun\/wandern-radfahren\/fahrad-verleih\/#breadcrumb"},"inLanguage":"de","potentialAction":[{"@type":"ReadAction","target":["https:\/\/www.inhoorn.nl\/de\/sehen-tun\/wandern-radfahren\/fahrad-verleih\/"]}]},{"@type":"BreadcrumbList","@id":"https:\/\/www.inhoorn.nl\/de\/sehen-tun\/wandern-radfahren\/fahrad-verleih\/#breadcrumb","itemListElement":[{"@type":"ListItem","position":1,"name":"Home","item":"https:\/\/www.inhoorn.nl\/de\/"},{"@type":"ListItem","position":2,"name":"Sehen &#038; tun","item":"https:\/\/www.inhoorn.nl\/de\/zien-doen\/"},{"@type":"ListItem","position":3,"name":"Wandern &#038; Radfahren","item":"https:\/\/www.inhoorn.nl\/de\/zien-doen\/wandelen-fietsen\/"},{"@type":"ListItem","position":4,"name":"Fahrad verleih"}]},{"@type":"WebSite","@id":"https:\/\/www.inhoorn.nl\/de\/#website","url":"https:\/\/www.inhoorn.nl\/de\/","name":"In Hoorn","description":"Dé gids voor Hoorn","publisher":{"@id":"https:\/\/www.inhoorn.nl\/de\/#organization"},"potentialAction":[{"@type":"SearchAction","target":{"@type":"EntryPoint","urlTemplate":"https:\/\/www.inhoorn.nl\/de\/?s={search_term_string}"},"query-input":{"@type":"PropertyValueSpecification","valueRequired":true,"valueName":"search_term_string"}}],"inLanguage":"de"},{"@type":"Organization","@id":"https:\/\/www.inhoorn.nl\/de\/#organization","name":"InHoorn","url":"https:\/\/www.inhoorn.nl\/de\/","logo":{"@type":"ImageObject","inLanguage":"de","@id":"https:\/\/www.inhoorn.nl\/de\/#\/schema\/logo\/image\/","url":"https:\/\/www.inhoorn.nl\/wp-content\/uploads\/2022\/06\/logo_shadow.png","contentUrl":"https:\/\/www.inhoorn.nl\/wp-content\/uploads\/2022\/06\/logo_shadow.png","width":600,"height":275,"caption":"InHoorn"},"image":{"@id":"https:\/\/www.inhoorn.nl\/de\/#\/schema\/logo\/image\/"},"sameAs":["https:\/\/www.facebook.com\/inhoorn.nl"]}]}</script>
<!-- / Yoast SEO plugin. -->

Schöne Tour Wenn Sie Hoorn und Umgebung mit dem Fahrrad entdecken möchten, aber kein eigenes Fahrrad haben, gibt es in Hoorn mehrere Punkte, an denen Sie ein Fahrrad oder E-Bike mieten können. Es ist auch möglich, in einigen Hotels ein Fahrrad zu mieten. Klicken Sie auf die Fotos unten, um weitere Informationen zu den verschiedenen [&hellip;]

Dé gids voor Hoorn
